e (-4)/6*(-23133)/22. Let t = j - 675. What is the remainder when 49 is divided by t?
23
Let o(j) = -3*j**3 + 9*j**2 + 33*j - 17. Calculate the remainder when o(-6) is divided by 20.
17
Let y(w) = 60*w**2 + 161*w + 490. Calculate the remainder when y(-3) is divided by 259.
29
Let x(w) = 2*w**3 + 6*w**2 - 157*w + 485. What is the remainder when 331 is divided by x(3)?
87
Let y(r) = 1 - 33*r + 15*r + 5 + 4*r**2 - 15*r. Suppose -5*u + 3*u + 26 = 0. Calculate the remainder when y(9) is divided by u.
7
Let j = -9 - -12. Suppose 2 = -j*c + 17. Suppose 3*o - 3*d - 84 = -8*d, -o + 8 = -5*d. Calculate the remainder when o is divided by c.
3
Let n = 13686 - 13127. What is the remainder when n is divided by 80?
79
Calculate the remainder when (4/5)/((-10)/(-3530)*1/5) is divided by 101.
99
Suppose 4*a = -3*j + 245, -4*a + 247 = 4*j - 81. Suppose 11*k + 60 = k. Let t(m) = -m**3 - 4*m**2 + 9*m + 10. What is the remainder when j is divided by t(k)?
27
Suppose -2*y + 14752 = q, -39*q + 43*q + 7376 = y. What is the remainder when y is divided by 18?
14
Let f(o) = -7*o + 193. Let w be f(27). Suppose 3*i = a + 196, -5*i + 121 = w*a - 183. What is the remainder when i is divided by 20?
4
Let g(t) = -5153*t**3 - 11*t**2 - 2*t - 2. What is the remainder when g(-1) is divided by 62?
58
Let j = 14 + 0. Suppose 2*o + 3*o = g - 61, -4*g + 228 = -4*o. Let a = j + g. What is the remainder when a is divided by 9?
7
Let o = -34 + 165. Suppose -35*d + 14*d = -924. What is the remainder when o is divided by d?
43
Suppose -18*n = -15*n - 804. Let p = 275 - n. Let m(t) = 2*t**2 - 3*t - 2. Calculate the remainder when m(-2) is divided by p.
5
Let h = -803 + 808. Suppose 3*m + 5*r - 167 = 0, -h*m + 8*r + 265 = 3*r. Calculate the remainder when 106 is divided by m.
52
Let x(k) = -24*k - 1571. Let w = 112 + -74. Calculate the remainder when w is divided by x(-66).
12
Let f(r) = 19*r - 16. Let w = 2722 - 2022. Calculate the remainder when w is divided by f(7).
115
Let j(p) = 3511*p - 6533. Suppose -144 + 4 = -4*k. What is the remainder when j(2) is divided by k?
34
Suppose -3572 = -21*x + 2539. What is the remainder when x is divided by 149?
142
Suppose 0 = -k + u + 7, -2*k + 5*u + 23 = -0*u. Suppose 65 = 3*i - 2*i - 2*b, -k*i = 4*b - 320. Calculate the remainder when i is divided by 2.
1
Let t = -2185 - -2489. What is the remainder when t is divided by 159?
145
Suppose 2*f = 5*f - 285. Suppose 581*z = 576*z + 25. Calculate the remainder when f is divided by z.
0
Let u(s) = -11*s + 102. Let p be u(9). Calculate the remainder when (36 + -6)/p - 0 is divided by 4.
2
Suppose 51*s = 59*s + 3048. Calculate the remainder when 93 is divided by -2*5/25 + s/(-15).
18
Let w = 7844 + -7788. What is the remainder when 893 is divided by w?
53
Let c be (2*-1)/(2/(-4)). Let w(q) = q**2 - 9*q - 22. What is the remainder when (-6)/c*78/(-3) is divided by w(12)?
11
Calculate the remainder when ((-2)/(-10))/(27/(-15)) - 5257/(-9) is divided by 3.
2
What is the remainder when 6/((-54)/(-28263)) - (6 - 102/18) is divided by 24?
20
Calculate the remainder when (-1 + -2 - (15 + 0))*780/(-24) is divided by 265.
55
Let n(a) = 15*a - 58. Let k be n(4). Suppose 3*y - 74 = 4*h, 7*y - 4*y - k*h = 76. Calculate the remainder when 50 is divided by y.
24
Let j(y) be the first derivative of 19 + 1/2*y**2 - 2*y + 8/3*y**3. What is the remainder when 15 is divided by j(1)?
1
What is the remainder when 418 is divided by ((-6)/15)/(0 + 0 + 56/(-1960))?
12
Let k(c) = c - 2*c - 2*c**2 + 6*c**2 + 4*c - 6. Suppose 5*t + 7 = 22. What is the remainder when k(t) is divided by 8?
7
Suppose 9*b - 79 - 389 = 0. Calculate the remainder when b is divided by (2/(-5))/((-6)/465).
21
Let l = -2 + 2. Let a(y) = y**2 + 71. Let u(b) = -3*b**2 + 123*b - 198. Calculate the remainder when a(l) is divided by u(39).
35
Let u(z) be the second derivative of -z**5/20 + 9*z**4/4 - 25*z**3/6 + 63*z**2/2 - 14*z + 2. Calculate the remainder when u(26) is divided by 31.
27
Let p(d) = d**2 + 15*d + 60. Let k be p(-8). Suppose -k*b + 77 = 5*j, -18 = -2*b - 22. What is the remainder when 94 is divided by j?
9
Let n = -615 - -619. Let f(t) = 2*t**2 - 3*t - 11. What is the remainder when 88 is divided by f(n)?
7
Let i(h) = 3*h + 19. Let y be i(-6). Let t be y*(-108)/(-4) + -2 - -2. Suppose 7*p - 15 = t. Calculate the remainder when p is divided by 1.
0
Suppose -68*u - 2*u + 4992 = -6*u. What is the remainder when 1552 is divided by u?
70
Calculate the remainder when 3318 is divided by (-5)/((-40)/(-960) - 1/6).
38
What is the remainder when (12/(-10))/((-20)/5650) is divided by (4/(-6))/((-18)/81) - -31?
33
Calculate the remainder when ((-773)/2*(-12)/(-30))/((-2)/10) is divided by 18.
17
Let x = -106 + 117. Suppose 0 = -x*m - 3*m + 4662. What is the remainder when m is divided by 14?
11
Let k(o) = 9*o + 135. Let z be k(-15). Suppose 6*n = -r + 2*n + 127, z = 5*r - n - 635. Calculate the remainder when r is divided by 22.
17
Let p be (6/4)/((-15)/18 + 1). Let u be 4/12 - -1*294/p. Let n = u - 26. Calculate the remainder when 25 is divided by n.
4
Suppose 13 = 4*t - 5*f, -t - f + 1 - 9 = 0. Suppose -4*l - 4*a + 238 = -2*a, 3*l = 5*a + 146. What is the remainder when 37 is divided by (l/9)/((-1)/t)?
18
Let n(c) = c**3 + 15*c**2 - 31*c + 57. Let o be n(-17). Suppose -o*b = -4*h - 7*b + 59, -49 = -4*h - 3*b. Calculate the remainder when 622 is divided by h.
14
Let b(a) be the third derivative of -a**6/120 - a**5/4 - 4*a**4/3 + 25*a**3/6 - 43*a**2 - 2. What is the remainder when b(-14) is divided by 9?
7
Let q(a) = -a**3 + 27*a**2 + 93*a - 67. Let g be q(30). Suppose 0 = g*n - 222 + 38. Calculate the remainder when 54 is divided by n.
6
Let k(h) = 33*h**3 - h**2 + 2*h - 1. Let r be k(1). Let l = 29 - r. What is the remainder when 22 is divided by (-124)/(-10) + l*5/50?
10
Let h(k) = -6*k + 48. Let l be h(4). Suppose 5*g + l = 3*x + 3*g, 5*g = 0. What is the remainder when 31/(2*2/8) is divided by x?
6
Suppose -39*f - 292 + 2242 = 0. Suppose 0 = -3*l + 12, -x + 166 = 3*l - l. What is the remainder when x is divided by f?
8
Let d = -641 - -617. Suppose -3*h = 4*u - 570, 0 = -3*u + h + 4*h + 442. Calculate the remainder when u is divided by -1*(112/d)/((-6)/(-63)).
46
Let w = 104 - 49. Suppose 3*k = 5*p + 614, -4*k + 293 = p - 564. What is the remainder when k is divided by w?
48
Suppose -4842 = -18*c - 4284. What is the remainder when 4/((-1)/(78/(-3))) is divided by c?
11
Let u(c) = -3*c + 30. Let q be u(9). Let f(i) = i + 1 - 6 + i**q - 5 + 5*i**2. What is the remainder when 2 is divided by f(-4)?
0
Let b(k) = -k**2 + 13*k + 29. Let t = 20 - 5. Let g be b(t). Calculate the remainder when 159 is divided by (-3)/(-9)*g + 97/3.
31
Let m(g) = -3 - 2 - 2*g + 4*g - 7*g. Let s be m(-7). Suppose 4*u - s = -u. What is the remainder when 23 is divided by u?
5
Let y(w) = 2*w**2 + 2*w + 6. Suppose -202 = 20*l - 1302. Suppose -12*p + 1831 = l. Calculate the remainder when p is divided by y(-4).
28
Calculate the remainder when (3/(-7))/(22/(-295526)) is divided by 180.
177
Let f(w) = -6*w + 4*w**3 + 3 - 2*w**2 + 4*w - 1. Let i(d) = 9*d + 2. Let o be i(0). What is the remainder when f(o) is divided by 8?
6
Suppose 17*y = 12*y - 4*z + 2652, -4*y + 3*z + 2134 = 0. Calculate the remainder when y is divided by 36.
28
Let r = -69 - -142. Let w(j) = 3*j**2 - 125*j + 359. What is the remainder when r is divided by w(3)?
7
Suppose 6*p - p - 31 = a, 2*p + 2 = 4*a. Suppose p*g + 166 = 5*w + 5*g, -5*w = -g - 168. Calculate the remainder when 97 is divided by w.
29
Let j(l) be the third derivative of -l**6/120 - 13*l**5/60 - 25*l**4/24 + 2*l**3 + l**2 - 10*l. Calculate the remainder when 176 is divided by j(-11).
41
Suppose 0 = -u + 63 - 65, -3*p = 3*u - 108. What is the remainder when 670 is divided by p?
24
Let q(h) = 16*h + 68. Suppose -19 = -4*v + 3*j, -12 = -2*v - j + 5*j. What is the remainder when q(v) is divided by 68?
64
Let f(l) = l**3 - 2*l**2 - 229*l + 87. Let p = -78 + 243. Suppose 0*o = 5*o - p. What is the remainder when o is divided by f(16)?
5
Let k(w) = w**3 - 8*w**2 - 21*w + 287. What is the remainder when 571 is divided by k(10)?
17
Suppose -5*r + 187 = -73. Suppose -86*p - 34*p + 2310 = -10*p. What is the remainder when r is divided by p?
10
Suppose -15*o = 